 p(h).
4
Let z(p) = 2*p - 6. Let w be 2/(3 + 38/(-14)). Let l(h) = h - 8. Let n be l(10). Let u = w - n. What is z(u)?
4
Let o(m) be the second derivative of 1/2*m**2 + 4*m + 0 + m**3. Give o(-1).
-5
Let q(f) = -10*f**2 + 25*f - 13. Let j(k) = -3*k**2 + 8*k - 4. Let b(n) = -7*j(n) + 2*q(n). Give b(6).
2
Let u(j) = -j**2 + 4*j - 10. Let o(t) = -2*t**2 + 9*t - 19. Let q(c) = -6*o(c) + 11*u(c). Give q(11).
15
Let h(t) = 88*t - 169*t + 1 + t**2 + 11 + 88*t. Calculate h(-8).
20
Let r(q) = -q**3 + q**2 - q - 9. Let l be (2 - 5 - -2)*-3. Let t be 16 + -19 + 1*l. What is r(t)?
-9
Suppose 4*d - 213 = 3*j, -2*j = -3*j + 5*d - 60. Let g = j + 69. Let p(x) = 4*x + 7. Let s(a) = 2*a + 4. Let v(o) = -2*p(o) + 5*s(o). Calculate v(g).
-6
Let a(r) be the first derivative of -r**3/3 + 9*r**2/2 - 2*r + 139. Give a(9).
-2
Let u(h) = -h**3 + 7*h**2 + 9*h + 2. Let n be u(8). Let i be 0 + 2 - 50/n. Let a(g) = 61*g - 31*g - 28*g. What is a(i)?
-6
Let k(j) = -j - 3. Let p(n) = -n**3 + 4*n**2 - n + 3. Let z be p(3). Suppose 4*o - z*o + 20 = 0. Suppose w - 3*d = o - 1, 4*w = -3*d - 3. What is k(w)?
-3
Let n be (86 - 86)/((4 - 0) + 0). Let b(y) be the third derivative of n*y + 3*y**2 + 0 - 5/3*y**3 - 1/24*y**4. What is b(-6)?
-4
Suppose -508*z + 503*z - 10 = 0. Let i(w) = 4*w + 2*w - 2 - 6*w + 3*w**2 + 2*w**3. What is i(z)?
-6
Let b(f) = 27*f. Suppose 5*k - 15 = 5*z, 3*z + 8 = -z + 2*k. Calculate b(z).
-27
Let f(g) = -g + 3*g**2 + 4 - 4*g + 4*g**2. Let w(p) = 3*p**2 - 3*p + 2. Let o(h) = 4*f(h) - 9*w(h). Calculate o(-6).
-8
Let z(r) = 2*r**2 - 8*r - 5. Let s(c) = 3*c**2 - 10*c - 6. Let n(k) = 3*s(k) - 4*z(k). What is n(-3)?
5
Let r(x) = -27118*x - 13 + 9 + 27117*x. Suppose 1 = 4*t - 15. What is r(t)?
-8
Let d(v) = -4*v - 9 + 2*v + 5 + 13. Let c = 0 - -6. What is d(c)?
-3
Let u(j) = -9*j**2 - 8*j - 6. Let n(p) = -33*p**2 + 2*p + 30*p**2 - 2 - 5*p. Let f(b) = -11*n(b) + 4*u(b). Give f(3).
-26
Suppose -5*c = -c + 28. Let h(d) = -d**2 - 475 + 475 - 6*d. Determine h(c).
-7
Let a(n) = -8*n + 2. Let s(j) = -j. Let g = -8 + 9. Let o(k) = g*a(k) - 3*s(k). What is o(4)?
-18
Let u(h) = 2*h - 4. Suppose -322*d + 318*d - 28 = 0. What is u(d)?
-18
Let u(f) be the third derivative of 0*f - 1/12*f**4 - 2*f**2 - 5/6*f**3 + 0. Let p = 96 + -100. What is u(p)?
3
Let u(n) = -4*n + 21. Let r be ((-95)/(-76))/((-2)/(-8)). What is u(r)?
1
Suppose 0*l - 11 = l + 2*b, 3*b = -5*l - 27. Suppose -3*w + 6 = -6. Let p(s) = 4*s + 4. Let c(d) = -5*d - 5. Let q(j) = w*p(j) + 3*c(j). What is q(l)?
-2
Suppose 3*x + x - 24 = 0. Let c(k) be the third derivative of k**4/8 - k**3 - 2*k**2. Determine c(x).
12
Suppose -5*n + 3*v + 18 = 0, -2*n + 7 = -v - 0*v. Let a(b) = 4 - 3*b + b**3 - 9 + 4. What is a(n)?
17
Let h = -9 - -11. Let z(l) = 4 - 2*l - 2*l + l + h*l. Give z(7).
-3
Let q(s) = -s + 1. Let u be q(13). Let r be (-1)/(-4) + (-69)/u. Let k(w) = w**2 + w + r - 2*w**2 + 0*w**2. Give k(0).
6
Let k(l) be the third derivative of 0*l - 1/24*l**4 - 1/60*l**5 - 1/6*l**3 + 35*l**2 + 0. What is k(-2)?
-3
Let p(c) = -7*c + 19 - 7 - 4 - 4. Determine p(-3).
25
Let z(b) = -9*b. Let o(d) = -19*d + 1. Let n = -11 - -5. Let i(l) = n*o(l) + 13*z(l). What is i(-6)?
12
Let z = 5 + -28. Let h = -19 - z. Let x(u) = -u**2 + 5*u - 2. Determine x(h).
2
Let n(b) = 13*b**2 - b - 6. Let t(y) = -22*y**2 + 2*y + 11. Let z(c) = 7*n(c) + 4*t(c). Determine z(3).
32
Let z(l) = l**2 - 14*l - 31. Let f be z(-2). Let q(r) = -20*r**2 - 3*r + 7. Let b(s) = -7*s**2 - s + 2. Let k(p) = 7*b(p) - 2*q(p). What is k(f)?
-10
Let i(a) = -a**2 - 5*a + 1. Let j be 5/(1 - 2/4). Suppose 8 = -2*h + m + 1, h - j = 5*m. Give i(h).
1
Suppose 0 = y + 2*u - 0*u - 10, 6 = -5*y + 4*u. Let j(t) = 2 + 23*t**y - 24*t**2 + 5*t - 5. Determine j(3).
3
Suppose 4*u + 4*w - 20 = 0, -u - 2*w + 11 = 1. Let b(y) be the second derivative of 1/3*y**3 - 1/2*y**2 + u + 4*y. Give b(-5).
-11
Let d = -17 + 19. Let h(i) be the first derivative of 3*i**2/2 - 3*i + 36. Determine h(d).
3
Suppose -3*z - 3*v = v + 34, 0 = 4*v - 8. Let g = z - -12. Let h(j) = -5*j**2. Calculate h(g).
-20
Let x be 2385/495 - (-2)/11. Let f(g) = -g**3 + 6*g**2 + 3. Calculate f(x).
28
Let m(w) be the third derivative of 7*w**6/30 + w**5/30 - w**3/6 - 98*w**2 - 1. Determine m(1).
29
Let y(v) = v + 6. Let a be 6*(-1)/(4/32*-3). Suppose -94 = 13*g - a. What is y(g)?
0
Let i be 6/(-9) - 51/(-9). Suppose -c = -i*c + 16. Let h(k) = -1 - k + 3*k - k**2 - c*k. What is h(-5)?
-16
Let j(h) = 50*h + 35. Let k(d) = -18*d - 11. Let m(b) = -4*j(b) - 11*k(b). Give m(-9).
-1
Let u(l) be the second derivative of l**4/6 + l**3/6 - l**2 - 63*l. Calculate u(2).
8
Suppose 5*t = -7*k + 2*k - 55, -33 = 3*k - 5*t. Let n(c) = -c + 5. What is n(k)?
16
Let p(t) = -t**3 - 1. Let d = 46 + -45. Let i(s) = -2*s**3 + 3. Let c(u) = d*i(u) + 3*p(u). Give c(1).
-5
Suppose -15 = -6*l + 9. Let o(z) = -z**3 + 5*z**2 - 2*z + 1. Give o(l).
9
Suppose -5*w - 35 + 50 = 0. Suppose 2*r + w*q - 10 = 3*r, -12 = 2*r - 4*q. Let u(k) = k**3 - k**2 + k - 2. Give u(r).
4
Let c(s) = -s**2 + 5*s + 23. Let n(d) = -d - 1. Let b(x) = -c(x) + 4*n(x). Let u be b(11). Let g(q) = -q - 1. Determine g(u).
4
Let m = 311 - 307. Let l(t) = -t**3 + 6*t**2 - 4*t + 4. Give l(m).
20
Let x = -236 - -241. Let f(j) = -j**2 + 7*j - 5. Give f(x).
5
Suppose 0 = -3*k + 15 - 9. Let m(y) = -y**3 + 5*y**2 - 3*y + 1. Let b be m(k). Let s = b + -1. Let t(d) = d**3 - 7*d**2 + 9*d - 4. Calculate t(s).
14
Let t(d) = d**3 + 7*d**2 + 7 + 4*d + 21 - 35. Calculate t(-7).
-35
Suppose -56 = 5*k - 31. Let c(d) = -d**2 - 8*d + 7. Determine c(k).
22
Let i(y) = -y**2 - y - 4. Let h(n) be the third derivative of -n**4/12 - 3*n**3/2 + 7*n**2. Let m be h(-3). Give i(m).
-10
Suppose -w = 15 - 21. Let v(s) = s**2 - 5*s - 13. Calculate v(w).
-7
Suppose 5*p - 11 = 2*p - 4*n, 5*p - 25 = -5*n. Suppose q + p - 8 = 0. Let u(a) = a + 1. What is u(q)?
0
Let t(z) = -2 + 3 - z**2 + 4*z + 0. Let o = -15883 - -15886. What is t(o)?
4
Suppose -13*f = 78 - 130. Let i(t) = -11*t + 4. Determine i(f).
-40
Let d(k) = k**3 - 6*k**2 + 3*k + 4. Suppose -4*t = -5 - 7. Let r(o) be the first derivative of o**4/4 - 2*o**3/3 - o**2/2 - o + 59. Let w be r(t). What is d(w)?
-6
Let b(o) = -1. Let c(v) = v**2 + v - 4. Let z(h) = 6*b(h) + c(h). Let s be z(-4). Let r(g) = 3*g**2 - 1. Give r(s).
11
Suppose -4*f + g + 15 = 0, 0 = g - 2*g + 5. Let a(s) = 5*s**2 - 3*s**3 - 13321*s + 13321*s + 2*s**3 - 3. Calculate a(f).
-3
Let u be ((-10)/(-25))/(3/30). Let l(r) = -4*r + 4. Calculate l(u).
-12
Suppose -2*f + 29 = 5. Let t = f + -13. Let n(a) = a - 1. Determine n(t).
-2
Let f be ((-2)/(-6))/(1/(-255)). Let g = 90 + f. Let h(a) = a**3 - 4*a**2 - 2*a - 6. What is h(g)?
9
Let b(l) = 29*l - 9. Let q(z) = 35*z - 10. Let o(i) = 6*b(i) - 5*q(i). What is o(-4)?
0
Let f(k) = -7 - 116*k**2 + k**3 - 115*k**2 + 225*k**2 - 2*k. Calculate f(6).
-19
Suppose -2*o + 18 - 8 = 0. Suppose -5 = 3*j - 2*x, -o*j = -x + 2 + 11. Let a(v) = v - 4. What is a(j)?
-7
Let p(k) = -12*k + 24*k - 2 + 3 - 14*k + 0. Determine p(9).
-17
Let d(a) = 2*a**2 + a - 2. Suppose -2 + 6 = t. Suppose -b = 3*b + 12, 4*b + 24 = -t*n. What is d(n)?
13
Let i(k) = 55*k**2 + k + 5. Let x(q) = -11*q**2 - 1. Let z(h) = -2*h**2 + 45*h - 11. Let r be z(22). Let l(m) = r*x(m) + 2*i(m). Give l(1).
-10
Let s(p) = 0 - 10*p**2 - 7 - 5*p + 11*p**2 - 2*p**2 + 5. Determine s(-3).
4
Let p(j) be the first derivative of -j**2/2 + j + 1. Let z(i) = -5*i - 8. Let u(t) = -t**2 - 29*t - 2. Let b be u(-29). Let n(c) = b*p(c) + z(c). Give n(-7).
11
Let m be 4/(-22) - (-237)/33. Let b(p) = -6*p - 8 + 6*p - p**2 + 9*p. Give b(m).
6
Let u(z) = -2*z**3 + z + 1. Let j be u(-1). Let a(v) = -7*v - 5 + v - j*v**2 + 3. Suppose 3*s = 8*s - 4*x + 28, -3*s = 5*x + 2. What is a(s)?
-10
Let a(j) be the third derivative of -1/15*j**5 + 2/3*j**3 + 0*j - 1/24*j**4 + 0 + 5*j**2 - 1/120*j**6. Determine a(-4).
8
Let d = -1973 - -1964. Let z(j) = -j**2 - 9*j + 2. Calculate z(d).
2
Let n(r) = r**2 + 4*r - 4. Let k be n(-5). Suppose -7*f = -11*f + 20. Let o(v) = -v + 4*v**2 + 0*v**2 - f*v**2 + 6*v**2. Calculate o(k).
4
Suppose 2*c = -h - 4, -2*c + 14 - 6 = 3*h. Let u(b) be the third derivative of -b**5/60 + b**4/6 + 4*b**3/3 + 6*b**2 - 2. What is u(h)?
-4
Let l(h) = -15*h + 18. Let a(j) = 7*j - 9. Let u(k) = 7*a(k) + 3*l(k). Calcul